12?
4620
In base 14, what is -2347 + -16?
-235d
In base 11, what is -1485767 - -3?
-1485764
In base 16, what is -7 + 1af8?
1af1
In base 3, what is 2202012022 - -100?
2202012122
In base 3, what is 10 - 121102012101?
-121102012021
In base 5, what is 4 + 133343?
133402
In base 9, what is -5281 - -5?
-5275
In base 6, what is 12 + 1402234?
1402250
In base 6, what is 42 - 53552?
-53510
In base 11, what is -48 - -1518?
1480
In base 13, what is 25 + 4852c?
48554
In base 10, what is 39720 - -2?
39722
In base 4, what is 11303313033 - 3?
11303313030
In base 12, what is -9 - -39015?
39008
In base 8, what is 143321 - -61?
143402
In base 5, what is 112 + -324343?
-324231
In base 13, what is 2a49b + 1?
2a49c
In base 5, what is 123023 - 1?
123022
In base 13, what is 2b3 + 936?
c19
In base 12, what is 3b42 + -12?
3b30
In base 5, what is 1200 + -111?
1034
In base 2, what is -1001110101 + -101010010111?
-110100001100
In base 13, what is 11a01 + -6?
119c8
In base 13, what is -2 - -852?
850
In base 7, what is 14153 + 1563?
16046
In base 15, what is 0 + 1a664?
1a664
In base 12, what is 8 + -1aa34?
-1aa28
In base 8, what is 3 - -610674?
610677
In base 6, what is -12555512 - 3?
-12555515
In base 9, what is -704335 - 4?
-704340
In base 11, what is 7166 - 113?
7053
In base 16, what is -1 + -1b1d7?
-1b1d8
In base 14, what is -2c - 2c8b?
-2cb9
In base 12, what is -33468 - 3?
-3346b
In base 4, what is -1 - 3102222?
-3102223
In base 4, what is -3 + 100113202?
100113133
In base 9, what is -110788 - -4?
-110784
In base 10, what is -530738 - -1?
-530737
In base 4, what is 1130 - 321202?
-320012
In base 14, what is -19 - -2d8?
2bd
In base 15, what is -41 - -6e43?
6e02
In base 9, what is 1703574 + -4?
1703570
In base 10, what is -11205 + -7?
-11212
In base 8, what is -10 - 30612?
-30622
In base 16, what is -b9a5 + 49?
-b95c
In base 7, what is 0 + 2405?
2405
In base 15, what is 2 - 12393?
-12391
In base 10, what is -56 - -568?
512
In base 11, what is 3 + 846730?
846733
In base 12, what is 19b64 - 41?
19b23
In base 13, what is 48c383 + 2?
48c385
In base 2, what is 10000001100101100 - 0?
10000001100101100
In base 10, what is 40 + -66232?
-66192
In base 10, what is -4 + 17125?
17121
In base 2, what is 100101010100010 + -1?
100101010100001
In base 5, what is 31000221 - 3?
31000213
In base 6, what is 0 - -50525?
50525
In base 15, what is a1 - -2ec5?
3076
In base 8, what is 2764 + 5?
2771
In base 14, what is 8 + -2d9c?
-2d94
In base 2, what is -1000000111111001 + -111?
-1000001000000000
In base 9, what is -13 - -80102?
80078
In base 12, what is 3 - b64?
-b61
In base 11, what is 0 - -146a18?
146a18
In base 9, what is 41037 + -100?
40837
In base 10, what is -184422 + 2?
-184420
In base 3, what is 201201 - 10020?
121111
In base 13, what is 67 + 7c5?
85c
In base 14, what is -3a4d - 11?
-3a60
In base 14, what is 6 - -2bc8?
2bd0
In base 12, what is -1 - -3a150?
3a14b
In base 5, what is -2210010 - 2?
-2210012
In base 16, what is 2dc55 + -2?
2dc53
In base 5, what is 4020 - 332?
3133
In base 9, what is 5128 + -20?
5108
In base 15, what is 0 + -45b6?
-45b6
In base 5, what is -131 - 22421?
-23102
In base 11, what is -205 + -7?
-211
In base 8, what is 410014 + -4?
410010
In base 12, what is -1089a9 - 4?
-1089b1
In base 11, what is 922 + 2?
924
In base 10, what is 43786 - -19?
43805
In base 12, what is -21 + 469?
448
In base 11, what is 674 + 8a?
753
In base 7, what is -130 - 136?
-266
In base 8, what is 463275 - 1?
463274
In base 8, what is 3066 - 1266?
1600
In base 15, what is -3a777 + 3?
-3a774
In base 7, what is -216 + -2624?
-3143
In base 13, what is -3 + 9b30a?
9b307
In base 5, what is -3 - 1100312?
-1100320
In base 14, what is 5 - -2d50?
2d55
In base 5, what is -13340400 - -10?
-13340340
In base 6, what is 30 + -11111?
-11041
In base 14, what is -386 - 1c?
-3a4
In base 14, what is 293 - 36?
25b
In base 16, what is 14c217 - 5?
14c212
In base 5, what is -12143233 - 0?
-12143233
In base 6, what is 124022 - 203?
123415
In base 7, what is -34116 - 0?
-34116
In base 9, what is -41 + -26131?
-26172
In base 5, what is -404 - 134102?
-140011
In base 10, what is -8 + -6157?
-6165
In base 14, what is 24c - -8?
256
In base 5, what is -301141 - -134?
-301002
In base 8, what is 104 + -1422?
-1316
In base 9, what is -145016 - -3?
-145013
In base 16, what is 358 + 1?
359
In base 7, what is 511 + 241?
1052
In base 6, what is -15 + 1404544?
1404525
In base 6, what is -2 - -5210?
5204
In base 15, what is -1 - -29db1?
29db0
In base 3, what is 101210202 - -101?
101211010
In base 14, what is -274 - -58c?
318
In base 6, what is 243012 + -102?
242510
In base 8, what is 63656 + 26?
63704
In base 9, what is 4718 - -4?
4723
In base 12, what is -4 + 4a35?
4a31
In base 6, what is 3 + 30414?
30421
In base 3, what is 20 - 1212122002?
-1212121212
In base 7, what is 11 + -32345?
-32334
In base 5, what is -3 + 2133334?
2133331
In base 5, what is 320243 + 201?
320444
In base 10, what is -245 + -156?
-401
In base 14, what is -2 + 17753?
17751
In base 13, what is -4 + 9ac4?
9ac0
In base 9, what is 7 - 48776?
-48768
In base 7, what is -11 - 3522104?
-3522115
In base 2, what is 1011 + -10010101101?
-10010100010
In base 14, what is -1b + 153?
136
In base 11, what is -1 - -a9606?
a9605
In base 8, what is 6 - 13466?
-13460
In base 4, what is -222010033 + -10?
-222010103
In base 15, what is 391749 + -2?
391747
In base 9, what is 40 - 5184?
-5144
In base 3, what is -2222010 - 222?
-10000002
In base 15, what is -4c + -aee?
-b4b
In base 14, what is 3ac - 73c?
-370
In base 14, what is 7c836 + 0?
7c836
In base 3, what is -20010200012 + 22?
-20010122220
In base 12, what is 3a + -11b7?
-1179
In base 16, what is 9 - 157a?
-1571
In base 3, what is -2012111 + 1?
-2012110
In base 15, what is -17 + -eb6e?
-eb86
In base 8, what is 1 - 240017?
-240016
In base 3, what is 11101022 + 1?
11101100
In base 12, what is -76 + 700?
646
In base 4, what is 1220 - -32033?
33313
In base 3, what is -10010 + -10210211?
-10220221
In base 7, what is -4 + -4025511?
-4025515
In base 7, what is -111150 + -514?
-111664
In base 3, what is 1022200002110 - -1?
1022200002111
In base 11, what is -6a4 + 6?
-699
In base 5, what is 210 + -10103?
-4343
In base 5, what is -101 + -142322?
-142423
In base 2, what is 1000000110 - 1101?
111111001
In base 11, what is 2373296 - 1?
2373295
In base 16, what is f55 - -4?
f59
In base 7, what is -1122 + -400?
-1522
In base 16, what is -54 - e24?
-e78
In base 8, what is 2 - -44241?
44243
In base 14, what is 926521 - -5?
926526
In base 2, what is -111010101110 - 101100?
-111011011010
In base 14, what is 231 + 48d?
6c0
In base 9, what is 3321 - 1?
3320
In base 16, what is -1a + -4a3?
-4bd
In base 16, what is -7d6c + -3?
-7d6f
In base 13, what is 18c9 - c?
18ba
In base 12, what is -85 - 2b79?
-3042
In base 9, what is -8 - -23503?
23484
In base 16, what is -ca8b4e - 3?
-ca8b51
In base 5, what is 340223 - -421?
341144
In base 10, what is 109 + 12239?
12348
In base 12, what is -25a + 6bb?
461
In base 9, what is -2 - -105444?
105442
In base 3, what is -12 + 101122021?
101122002
In base 5, what is -10 + -32230211?
-32230221
In base 15, what is 11a + -91b?
-801
In base 14, what is 0 - -971b?
971b
In base 5, what is 10424 + -320?
10104
In base 2, what is 10001100100100000010011 - 101?
10001100100100000001110
In base 3, what is 120021120001 + -10?
120021112221
In base 6, what is 41155 - 301?
40454
In base 12, what is 45 - 148?
-103
In base 2, what is -111 + 11110001100111100010?
11110001100111011011
In base 9, what is -2770757 - 5?
-2770763
In base 13, what is 2874 - -2?
2876
In base 15, what is 6372 + 5?
6377
In base 9, what is 48 - 1057?
-1008
In base 5, what is 2 - -4141?
4143
In base 6, what is -143 - 11050?
-11233
In base 16, what is -10076 - -5?
-10071
In base 2, what is 1100001100100110 + 11?
1100001100101001
In base 15, what is -5 - -25c43?
25c3d
In base 9, what is -5252 + -1688?
-7051
In base 6, what is -354131 + 1?
-354130
In base 5, what is -12142421 + 1?
-12142420
In base 14, what is -165 - -487?
322
In base 11, what is 2 - -14683?
14685
In base 12, what is -699632 + 0?
-699632
In base 16, what is -140fb + -e?
-14109
In base 3, what is 110100 - 1220022?
-1102222
In base 11, what is 0 - 38018?
-38018
In base 7, what is -40003050 + 3?